{"id":1364,"date":"2019-10-11T23:47:18","date_gmt":"2019-10-11T23:47:18","guid":{"rendered":"https:\/\/nuevo.aygarquitectos.net\/projects\/"},"modified":"2019-11-11T21:04:07","modified_gmt":"2019-11-11T21:04:07","slug":"projects","status":"publish","type":"page","link":"https:\/\/www.aygarquitectos.net\/en\/projects\/","title":{"rendered":"Projects"},"content":{"rendered":"\t\t<div data-elementor-type=\"wp-page\" data-elementor-id=\"1364\" class=\"elementor elementor-1364 elementor-862\" data-elementor-post-type=\"page\">\n\t\t\t\t\t\t<section class=\"elementor-section elementor-top-section elementor-element elementor-element-a778dbf elementor-section-boxed elementor-section-height-default elementor-section-height-default\" data-id=\"a778dbf\" data-element_type=\"section\">\n\t\t\t\t\t\t<div class=\"elementor-container elementor-column-gap-default\">\n\t\t\t\t\t<div class=\"elementor-column elementor-col-100 elementor-top-column elementor-element elementor-element-de61ca4\" data-id=\"de61ca4\" data-element_type=\"column\">\n\t\t\t<div class=\"elementor-widget-wrap elementor-element-populated\">\n\t\t\t\t\t\t<div class=\"elementor-element elementor-element-2503d53 elementor-widget elementor-widget-heading\" data-id=\"2503d53\" data-element_type=\"widget\" data-widget_type=\"heading.default\">\n\t\t\t\t<div class=\"elementor-widget-container\">\n\t\t\t<h1 class=\"elementor-heading-title elementor-size-default\">Our Projects<\/h1>\t\t<\/div>\n\t\t\t\t<\/div>\n\t\t\t\t<div class=\"elementor-element elementor-element-372c4fd elementor-widget elementor-widget-spacer\" data-id=\"372c4fd\" data-element_type=\"widget\" data-widget_type=\"spacer.default\">\n\t\t\t\t<div class=\"elementor-widget-container\">\n\t\t\t\t\t<div class=\"elementor-spacer\">\n\t\t\t<div class=\"elementor-spacer-inner\"><\/div>\n\t\t<\/div>\n\t\t\t\t<\/div>\n\t\t\t\t<\/div>\n\t\t\t\t<div class=\"elementor-element elementor-element-3270931 ee-posts-thumbnail-ratio ee-grid-columns-3 ee-grid-columns-tablet-2 ee-grid-columns-mobile-1 ee-grid-align--stretch ee-grid-halign--left ee-posts-align-top ee-posts-avatar-position-left elementor-widget elementor-widget-posts-extra\" data-id=\"3270931\" data-element_type=\"widget\" data-settings=\"{&quot;classic_filters&quot;:&quot;yes&quot;,&quot;columns&quot;:&quot;3&quot;,&quot;columns_tablet&quot;:&quot;2&quot;,&quot;columns_mobile&quot;:&quot;1&quot;,&quot;classic_layout&quot;:&quot;default&quot;,&quot;classic_grid_columns_spacing&quot;:{&quot;unit&quot;:&quot;px&quot;,&quot;size&quot;:24,&quot;sizes&quot;:[]},&quot;classic_grid_columns_spacing_tablet&quot;:{&quot;unit&quot;:&quot;px&quot;,&quot;size&quot;:12,&quot;sizes&quot;:[]},&quot;classic_grid_columns_spacing_mobile&quot;:{&quot;unit&quot;:&quot;px&quot;,&quot;size&quot;:0,&quot;sizes&quot;:[]}}\" data-widget_type=\"posts-extra.classic\">\n\t\t\t\t<div class=\"elementor-widget-container\">\n\t\t\t<div class=\"ee-posts__nothing-found\">It seems we can&#039;t find what you&#039;re looking for.<\/div>\t\t<\/div>\n\t\t\t\t<\/div>\n\t\t\t\t\t<\/div>\n\t\t<\/div>\n\t\t\t\t\t<\/div>\n\t\t<\/section>\n\t\t\t\t<\/div>\n\t\t","protected":false},"excerpt":{"rendered":"<p>Our Projects All Torres M\u00e9dicas Bodegas Industriales Plazas Comerciales Condominios Comerciales Condominios Habitacionales Casas Interiorismo Torre M\u00e9dica 20-20 Cl\u00ednica 07 Ultima Park 2 Ultima Park 2-B Tropicana Edificio IPB Locales La Agon\u00eda Locales en Santa Cruz Local en Orotina Locales Montenegro Locales en Gu\u00e1piles Locales en Santa Ana Locales en San Francisco Locales en San [&hellip;]<\/p>\n","protected":false},"author":1,"featured_media":0,"parent":0,"menu_order":0,"comment_status":"closed","ping_status":"closed","template":"","meta":{"footnotes":""},"class_list":["post-1364","page","type-page","status-publish","hentry"],"yoast_head":"<!-- This site is optimized with the Yoast SEO plugin v24.0 - https:\/\/yoast.com\/wordpress\/plugins\/seo\/ -->\n<title>Projects - Arroyo &amp; G\u00f3mez Arquitectos<\/title>\n<meta name=\"robots\" content=\"index, follow, max-snippet:-1, max-image-preview:large, max-video-preview:-1\" \/>\n<link rel=\"canonical\" href=\"https:\/\/www.aygarquitectos.net\/en\/projects\/\" \/>\n<meta property=\"og:locale\" content=\"en_US\" \/>\n<meta property=\"og:type\" content=\"article\" \/>\n<meta property=\"og:title\" content=\"Projects - Arroyo &amp; G\u00f3mez Arquitectos\" \/>\n<meta property=\"og:description\" content=\"Our Projects All Torres M\u00e9dicas Bodegas Industriales Plazas Comerciales Condominios Comerciales Condominios Habitacionales Casas Interiorismo Torre M\u00e9dica 20-20 Cl\u00ednica 07 Ultima Park 2 Ultima Park 2-B Tropicana Edificio IPB Locales La Agon\u00eda Locales en Santa Cruz Local en Orotina Locales Montenegro Locales en Gu\u00e1piles Locales en Santa Ana Locales en San Francisco Locales en San [&hellip;]\" \/>\n<meta property=\"og:url\" content=\"https:\/\/www.aygarquitectos.net\/en\/projects\/\" \/>\n<meta property=\"og:site_name\" content=\"Arroyo &amp; G\u00f3mez Arquitectos\" \/>\n<meta property=\"article:modified_time\" content=\"2019-11-11T21:04:07+00:00\" \/>\n<meta property=\"og:image\" content=\"https:\/\/www.aygarquitectos.net\/wp-content\/uploads\/2019\/10\/proyecto-clinica-medica-20-20-06-1024x614.jpg\" \/>\n<meta name=\"twitter:card\" content=\"summary_large_image\" \/>\n<meta name=\"twitter:label1\" content=\"Est. reading time\" \/>\n\t<meta name=\"twitter:data1\" content=\"1 minute\" \/>\n<script type=\"application\/ld+json\" class=\"yoast-schema-graph\">{\"@context\":\"https:\/\/schema.org\",\"@graph\":[{\"@type\":\"WebPage\",\"@id\":\"https:\/\/www.aygarquitectos.net\/en\/projects\/\",\"url\":\"https:\/\/www.aygarquitectos.net\/en\/projects\/\",\"name\":\"Projects - Arroyo &amp; G\u00f3mez Arquitectos\",\"isPartOf\":{\"@id\":\"https:\/\/www.aygarquitectos.net\/#website\"},\"primaryImageOfPage\":{\"@id\":\"https:\/\/www.aygarquitectos.net\/en\/projects\/#primaryimage\"},\"image\":{\"@id\":\"https:\/\/www.aygarquitectos.net\/en\/projects\/#primaryimage\"},\"thumbnailUrl\":\"https:\/\/www.aygarquitectos.net\/wp-content\/uploads\/2019\/10\/proyecto-clinica-medica-20-20-06-1024x614.jpg\",\"datePublished\":\"2019-10-11T23:47:18+00:00\",\"dateModified\":\"2019-11-11T21:04:07+00:00\",\"breadcrumb\":{\"@id\":\"https:\/\/www.aygarquitectos.net\/en\/projects\/#breadcrumb\"},\"inLanguage\":\"en-US\",\"potentialAction\":[{\"@type\":\"ReadAction\",\"target\":[\"https:\/\/www.aygarquitectos.net\/en\/projects\/\"]}]},{\"@type\":\"ImageObject\",\"inLanguage\":\"en-US\",\"@id\":\"https:\/\/www.aygarquitectos.net\/en\/projects\/#primaryimage\",\"url\":\"https:\/\/www.aygarquitectos.net\/wp-content\/uploads\/2019\/10\/proyecto-clinica-medica-20-20-06-1024x614.jpg\",\"contentUrl\":\"https:\/\/www.aygarquitectos.net\/wp-content\/uploads\/2019\/10\/proyecto-clinica-medica-20-20-06-1024x614.jpg\"},{\"@type\":\"BreadcrumbList\",\"@id\":\"https:\/\/www.aygarquitectos.net\/en\/projects\/#breadcrumb\",\"itemListElement\":[{\"@type\":\"ListItem\",\"position\":1,\"name\":\"Portada\",\"item\":\"https:\/\/www.aygarquitectos.net\/en\/\"},{\"@type\":\"ListItem\",\"position\":2,\"name\":\"Projects\"}]},{\"@type\":\"WebSite\",\"@id\":\"https:\/\/www.aygarquitectos.net\/#website\",\"url\":\"https:\/\/www.aygarquitectos.net\/\",\"name\":\"Arroyo &amp; G\u00f3mez Arquitectos\",\"description\":\"Arroyo &amp; G\u00f3mez Arquitectos\",\"publisher\":{\"@id\":\"https:\/\/www.aygarquitectos.net\/#organization\"},\"potentialAction\":[{\"@type\":\"SearchAction\",\"target\":{\"@type\":\"EntryPoint\",\"urlTemplate\":\"https:\/\/www.aygarquitectos.net\/?s={search_term_string}\"},\"query-input\":{\"@type\":\"PropertyValueSpecification\",\"valueRequired\":true,\"valueName\":\"search_term_string\"}}],\"inLanguage\":\"en-US\"},{\"@type\":\"Organization\",\"@id\":\"https:\/\/www.aygarquitectos.net\/#organization\",\"name\":\"Arroyo &amp; G\u00f3mez Arquitectos\",\"url\":\"https:\/\/www.aygarquitectos.net\/\",\"logo\":{\"@type\":\"ImageObject\",\"inLanguage\":\"en-US\",\"@id\":\"https:\/\/www.aygarquitectos.net\/#\/schema\/logo\/image\/\",\"url\":\"https:\/\/www.aygarquitectos.net\/wp-content\/uploads\/2019\/07\/logo-ayg-600.png\",\"contentUrl\":\"https:\/\/www.aygarquitectos.net\/wp-content\/uploads\/2019\/07\/logo-ayg-600.png\",\"width\":600,\"height\":321,\"caption\":\"Arroyo &amp; G\u00f3mez Arquitectos\"},\"image\":{\"@id\":\"https:\/\/www.aygarquitectos.net\/#\/schema\/logo\/image\/\"}}]}<\/script>\n<!-- \/ Yoast SEO plugin. -->","yoast_head_json":{"title":"Projects - Arroyo &amp; G\u00f3mez Arquitectos","robots":{"index":"index","follow":"follow","max-snippet":"max-snippet:-1","max-image-preview":"max-image-preview:large","max-video-preview":"max-video-preview:-1"},"canonical":"https:\/\/www.aygarquitectos.net\/en\/projects\/","og_locale":"en_US","og_type":"article","og_title":"Projects - Arroyo &amp; G\u00f3mez Arquitectos","og_description":"Our Projects All Torres M\u00e9dicas Bodegas Industriales Plazas Comerciales Condominios Comerciales Condominios Habitacionales Casas Interiorismo Torre M\u00e9dica 20-20 Cl\u00ednica 07 Ultima Park 2 Ultima Park 2-B Tropicana Edificio IPB Locales La Agon\u00eda Locales en Santa Cruz Local en Orotina Locales Montenegro Locales en Gu\u00e1piles Locales en Santa Ana Locales en San Francisco Locales en San [&hellip;]","og_url":"https:\/\/www.aygarquitectos.net\/en\/projects\/","og_site_name":"Arroyo &amp; G\u00f3mez Arquitectos","article_modified_time":"2019-11-11T21:04:07+00:00","og_image":[{"url":"https:\/\/www.aygarquitectos.net\/wp-content\/uploads\/2019\/10\/proyecto-clinica-medica-20-20-06-1024x614.jpg","type":"","width":"","height":""}],"twitter_card":"summary_large_image","twitter_misc":{"Est. reading time":"1 minute"},"schema":{"@context":"https:\/\/schema.org","@graph":[{"@type":"WebPage","@id":"https:\/\/www.aygarquitectos.net\/en\/projects\/","url":"https:\/\/www.aygarquitectos.net\/en\/projects\/","name":"Projects - Arroyo &amp; G\u00f3mez Arquitectos","isPartOf":{"@id":"https:\/\/www.aygarquitectos.net\/#website"},"primaryImageOfPage":{"@id":"https:\/\/www.aygarquitectos.net\/en\/projects\/#primaryimage"},"image":{"@id":"https:\/\/www.aygarquitectos.net\/en\/projects\/#primaryimage"},"thumbnailUrl":"https:\/\/www.aygarquitectos.net\/wp-content\/uploads\/2019\/10\/proyecto-clinica-medica-20-20-06-1024x614.jpg","datePublished":"2019-10-11T23:47:18+00:00","dateModified":"2019-11-11T21:04:07+00:00","breadcrumb":{"@id":"https:\/\/www.aygarquitectos.net\/en\/projects\/#breadcrumb"},"inLanguage":"en-US","potentialAction":[{"@type":"ReadAction","target":["https:\/\/www.aygarquitectos.net\/en\/projects\/"]}]},{"@type":"ImageObject","inLanguage":"en-US","@id":"https:\/\/www.aygarquitectos.net\/en\/projects\/#primaryimage","url":"https:\/\/www.aygarquitectos.net\/wp-content\/uploads\/2019\/10\/proyecto-clinica-medica-20-20-06-1024x614.jpg","contentUrl":"https:\/\/www.aygarquitectos.net\/wp-content\/uploads\/2019\/10\/proyecto-clinica-medica-20-20-06-1024x614.jpg"},{"@type":"BreadcrumbList","@id":"https:\/\/www.aygarquitectos.net\/en\/projects\/#breadcrumb","itemListElement":[{"@type":"ListItem","position":1,"name":"Portada","item":"https:\/\/www.aygarquitectos.net\/en\/"},{"@type":"ListItem","position":2,"name":"Projects"}]},{"@type":"WebSite","@id":"https:\/\/www.aygarquitectos.net\/#website","url":"https:\/\/www.aygarquitectos.net\/","name":"Arroyo &amp; G\u00f3mez Arquitectos","description":"Arroyo &amp; G\u00f3mez Arquitectos","publisher":{"@id":"https:\/\/www.aygarquitectos.net\/#organization"},"potentialAction":[{"@type":"SearchAction","target":{"@type":"EntryPoint","urlTemplate":"https:\/\/www.aygarquitectos.net\/?s={search_term_string}"},"query-input":{"@type":"PropertyValueSpecification","valueRequired":true,"valueName":"search_term_string"}}],"inLanguage":"en-US"},{"@type":"Organization","@id":"https:\/\/www.aygarquitectos.net\/#organization","name":"Arroyo &amp; G\u00f3mez Arquitectos","url":"https:\/\/www.aygarquitectos.net\/","logo":{"@type":"ImageObject","inLanguage":"en-US","@id":"https:\/\/www.aygarquitectos.net\/#\/schema\/logo\/image\/","url":"https:\/\/www.aygarquitectos.net\/wp-content\/uploads\/2019\/07\/logo-ayg-600.png","contentUrl":"https:\/\/www.aygarquitectos.net\/wp-content\/uploads\/2019\/07\/logo-ayg-600.png","width":600,"height":321,"caption":"Arroyo &amp; G\u00f3mez Arquitectos"},"image":{"@id":"https:\/\/www.aygarquitectos.net\/#\/schema\/logo\/image\/"}}]}},"_links":{"self":[{"href":"https:\/\/www.aygarquitectos.net\/en\/wp-json\/wp\/v2\/pages\/1364","targetHints":{"allow":["GET"]}}],"collection":[{"href":"https:\/\/www.aygarquitectos.net\/en\/wp-json\/wp\/v2\/pages"}],"about":[{"href":"https:\/\/www.aygarquitectos.net\/en\/wp-json\/wp\/v2\/types\/page"}],"author":[{"embeddable":true,"href":"https:\/\/www.aygarquitectos.net\/en\/wp-json\/wp\/v2\/users\/1"}],"replies":[{"embeddable":true,"href":"https:\/\/www.aygarquitectos.net\/en\/wp-json\/wp\/v2\/comments?post=1364"}],"version-history":[{"count":4,"href":"https:\/\/www.aygarquitectos.net\/en\/wp-json\/wp\/v2\/pages\/1364\/revisions"}],"predecessor-version":[{"id":2383,"href":"https:\/\/www.aygarquitectos.net\/en\/wp-json\/wp\/v2\/pages\/1364\/revisions\/2383"}],"wp:attachment":[{"href":"https:\/\/www.aygarquitectos.net\/en\/wp-json\/wp\/v2\/media?parent=1364"}],"curies":[{"name":"wp","href":"https:\/\/api.w.org\/{rel}","templated":true}]}}

<p>Our Projects All Torres Médicas Bodegas Industriales Plazas Comerciales Condominios Comerciales Condominios Habitacionales Casas Interiorismo Torre Médica 20-20 Clínica 07 Ultima Park 2 Ultima Park 2-B Tropicana Edificio IPB Locales La Agonía Locales en Santa Cruz Local en Orotina Locales Montenegro Locales en Guápiles Locales en Santa Ana Locales en San Francisco Locales en San [&hellip;]</p>

<!-- This site is optimized with the Yoast SEO plugin v24.0 - https://yoast.com/wordpress/plugins/seo/ -->
<title>Projects - Arroyo &amp; Gómez Arquitectos</title>
<meta name="robots" content="index, follow, max-snippet:-1, max-image-preview:large, max-video-preview:-1" />
<link rel="canonical" href="https://www.aygarquitectos.net/en/projects/" />
<meta property="og:locale" content="en_US" />
<meta property="og:type" content="article" />
<meta property="og:title" content="Projects - Arroyo &amp; Gómez Arquitectos" />
<meta property="og:description" content="Our Projects All Torres Médicas Bodegas Industriales Plazas Comerciales Condominios Comerciales Condominios Habitacionales Casas Interiorismo Torre Médica 20-20 Clínica 07 Ultima Park 2 Ultima Park 2-B Tropicana Edificio IPB Locales La Agonía Locales en Santa Cruz Local en Orotina Locales Montenegro Locales en Guápiles Locales en Santa Ana Locales en San Francisco Locales en San [&hellip;]" />
<meta property="og:url" content="https://www.aygarquitectos.net/en/projects/" />
<meta property="og:site_name" content="Arroyo &amp; Gómez Arquitectos" />
<meta property="article:modified_time" content="2019-11-11T21:04:07+00:00" />
<meta property="og:image" content="https://www.aygarquitectos.net/wp-content/uploads/2019/10/proyecto-clinica-medica-20-20-06-1024x614.jpg" />
<meta name="twitter:card" content="summary_large_image" />
<meta name="twitter:label1" content="Est. reading time" />
	<meta name="twitter:data1" content="1 minute" />
<script type="application/ld+json" class="yoast-schema-graph">{"@context":"https://schema.org","@graph":[{"@type":"WebPage","@id":"https://www.aygarquitectos.net/en/projects/","url":"https://www.aygarquitectos.net/en/projects/","name":"Projects - Arroyo &amp; Gómez Arquitectos","isPartOf":{"@id":"https://www.aygarquitectos.net/#website"},"primaryImageOfPage":{"@id":"https://www.aygarquitectos.net/en/projects/#primaryimage"},"image":{"@id":"https://www.aygarquitectos.net/en/projects/#primaryimage"},"thumbnailUrl":"https://www.aygarquitectos.net/wp-content/uploads/2019/10/proyecto-clinica-medica-20-20-06-1024x614.jpg","datePublished":"2019-10-11T23:47:18+00:00","dateModified":"2019-11-11T21:04:07+00:00","breadcrumb":{"@id":"https://www.aygarquitectos.net/en/projects/#breadcrumb"},"inLanguage":"en-US","potentialAction":[{"@type":"ReadAction","target":["https://www.aygarquitectos.net/en/projects/"]}]},{"@type":"ImageObject","inLanguage":"en-US","@id":"https://www.aygarquitectos.net/en/projects/#primaryimage","url":"https://www.aygarquitectos.net/wp-content/uploads/2019/10/proyecto-clinica-medica-20-20-06-1024x614.jpg","contentUrl":"https://www.aygarquitectos.net/wp-content/uploads/2019/10/proyecto-clinica-medica-20-20-06-1024x614.jpg"},{"@type":"BreadcrumbList","@id":"https://www.aygarquitectos.net/en/projects/#breadcrumb","itemListElement":[{"@type":"ListItem","position":1,"name":"Portada","item":"https://www.aygarquitectos.net/en/"},{"@type":"ListItem","position":2,"name":"Projects"}]},{"@type":"WebSite","@id":"https://www.aygarquitectos.net/#website","url":"https://www.aygarquitectos.net/","name":"Arroyo &amp; Gómez Arquitectos","description":"Arroyo &amp; Gómez Arquitectos","publisher":{"@id":"https://www.aygarquitectos.net/#organization"},"potentialAction":[{"@type":"SearchAction","target":{"@type":"EntryPoint","urlTemplate":"https://www.aygarquitectos.net/?s={search_term_string}"},"query-input":{"@type":"PropertyValueSpecification","valueRequired":true,"valueName":"search_term_string"}}],"inLanguage":"en-US"},{"@type":"Organization","@id":"https://www.aygarquitectos.net/#organization","name":"Arroyo &amp; Gómez Arquitectos","url":"https://www.aygarquitectos.net/","logo":{"@type":"ImageObject","inLanguage":"en-US","@id":"https://www.aygarquitectos.net/#/schema/logo/image/","url":"https://www.aygarquitectos.net/wp-content/uploads/2019/07/logo-ayg-600.png","contentUrl":"https://www.aygarquitectos.net/wp-content/uploads/2019/07/logo-ayg-600.png","width":600,"height":321,"caption":"Arroyo &amp; Gómez Arquitectos"},"image":{"@id":"https://www.aygarquitectos.net/#/schema/logo/image/"}}]}</script>
<!-- / Yoast SEO plugin. -->

Projects - Arroyo &amp; Gómez Arquitectos

Our Projects All Torres Médicas Bodegas Industriales Plazas Comerciales Condominios Comerciales Condominios Habitacionales Casas Interiorismo Torre Médica 20-20 Clínica 07 Ultima Park 2 Ultima Park 2-B Tropicana Edificio IPB Locales La Agonía Locales en Santa Cruz Local en Orotina Locales Montenegro Locales en Guápiles Locales en Santa Ana Locales en San Francisco Locales en San [&hellip;]

Arroyo &amp; Gómez Arquitectos
